et s(m) be the first derivative of 29*m**4/4 - m**3/3 - 173. What are the prime factors of s(t)?
2, 7
Let t(r) be the first derivative of -r**2 - 6*r - 13. Let l be t(-3). Suppose l = 9*o - 6*o - 123. What are the prime factors of o?
41
Suppose -2*i - 2*x + 4*x = -2416, 2412 = 2*i - 4*x. What are the prime factors of i?
2, 5, 11
Suppose 342 = r - 183. Suppose 0 = -7*s + 3*s, 3*s = -3*t + r. What are the prime factors of t?
5, 7
Let z be 2/(-6) + (-64)/(-12). Let n be 4/(-14) + 116/14. Suppose -g + z*i = -27, n = -4*i - 8. What are the prime factors of g?
7
Suppose -30 = -5*w - 5*x, -7*x = 3*w - 2*x - 24. Suppose 2 = -w*a + 8. Suppose f - 72 = -4*p, -a*p - 2*f + f + 34 = 0. What are the prime factors of p?
19
Let l(b) = 8*b**2 + 5*b + 3. Let z be l(-4). Let p(o) = o**3 - 2*o**2 - o - 12. Let r be p(5). Let u = z - r. What are the prime factors of u?
53
Suppose 0 = -2*n + 6*n - 36. Let j(y) = 11*y + 12. What are the prime factors of j(n)?
3, 37
Let d = -136 + 51. Let r = -20 - d. What are the prime factors of r?
5, 13
Suppose 0 = -5*o + 3*g + 441, -2*g - 363 = -4*o - 3*g. Suppose 6*l - o = l. What are the prime factors of l?
2, 3
Let l = 38 - 53. Let k = l - -25. Let y = 12 - k. List the prime factors of y.
2
Let q be (-2229)/(-6) - 3/2. Let s = -234 + q. Suppose s = h + 3*h. What are the prime factors of h?
2, 17
Suppose 0*l = 2*k + 2*l - 414, -l = 5. Suppose 3*v = v + k. List the prime factors of v.
2, 53
Let g = 115 + -114. Let h(t) = 23*t**2 + t - 1. What are the prime factors of h(g)?
23
Let v(t) = -t**3 + 11*t**2 - 3*t + 1. Let h(f) = 6*f**2 - 2*f + 1. Let l(g) = 5*h(g) - 3*v(g). Let m = -275 + 277. List the prime factors of l(m).
2, 3
Suppose 5*k - 5*a + a = -38, 2*a + 2 = -k. Let s be (3/k)/((-6)/60). Suppose t + s*f - 10 = 0, 0 = -0*t + 4*t - 5*f - 140. What are the prime factors of t?
2, 3, 5
Suppose w - 5*w + 11522 = 3*u, -2*w = -4. What are the prime factors of u?
2, 19, 101
Suppose 0 = -11*k + 3637 + 4140. What are the prime factors of k?
7, 101
Suppose 8*y = 12*y - 16, 0 = g - y - 85. List the prime factors of g.
89
Let i = -1445 - -3145. What are the prime factors of i?
2, 5, 17
Let l(f) = 2*f + 12. Let n be l(-6). Suppose n = -7*r + 4*r - c + 21, 0 = -r + 3*c - 3. Suppose x = 5*b - 14, r + 8 = 3*x - b. List the prime factors of x.
2, 3
Suppose -3*v = 2*l - 1508, 4*v + l = 2089 - 85. What are the prime factors of v?
2, 5
Let s = -878 - -1969. List the prime factors of s.
1091
Let y = 14 - 14. Suppose 5*z + 137 - 12 = y. Let l = -8 - z. What are the prime factors of l?
17
Let s(n) = -47*n + 580. What are the prime factors of s(12)?
2
Let z(l) be the first derivative of -l**2/2 + 13*l - 3. Let q be z(11). Suppose q = -5*r - 3, m = 5*r + 12. List the prime factors of m.
7
Suppose 4*v = -3*d + 12003, -6191 = -4*v - d + 5810. List the prime factors of v.
2, 3, 5
Let u be (-1)/(-3) - 732/(-18). Suppose 43*b - 30 = u*b. Let h = 22 + b. List the prime factors of h.
37
Let l(r) = -6*r - 12. List the prime factors of l(-16).
2, 3, 7
Let n = 29 - 24. Suppose 74 = n*i - 3*o, i + 62 = 5*i - o. What are the prime factors of i?
2
Let h(j) = 1 + 1 + 7 - 2*j + 3*j. Let d be h(-4). Let b = 10 - d. List the prime factors of b.
5
Suppose -3*k + 5*k = 5*v - 2690, -k = v - 545. What are the prime factors of v?
2, 3, 5
Let h = 2355 + 1544. What are the prime factors of h?
7, 557
Let r(o) = 2*o**2 + 10*o - 9. Let z be r(10). Let l be z/9 - (-5)/(-15). Let n = -7 + l. List the prime factors of n.
5
Suppose 16*i - 25 = 11*i. Suppose i*k - 480 = -v + 3*v, -495 = -5*k + 5*v. List the prime factors of k.
2, 47
Suppose -3*g - 2*g = -80. Suppose 2*p = 298 + g. List the prime factors of p.
157
Suppose -3*n = -2*v + 7 + 9, -5*v + 40 = -n. Suppose 5 = -5*a + 3*z, -3*z - 2 = 2*a - v*z. Let j(x) = -52*x + 1. List the prime factors of j(a).
53
Let c(o) = o**2 - o - 1. Let u be c(-6). Let z = 75 + u. Suppose 3*b - 5*n - 58 - 24 = 0, -5*b - 2*n = -z. What are the prime factors of b?
2, 3
Let y be ((-1)/3)/((-203)/(-42) - 5). List the prime factors of (y - 0)*1 + 81 + -2.
3
Let g = -1 + 6. Suppose 0*t - g*t + 5 = 0. Let m(q) = 31*q**2 + 1. List the prime factors of m(t).
2
Suppose 3*k - 5*s - 4307 = 0, -2*k + 13*s - 8*s + 2863 = 0. What are the prime factors of k?
2, 19
Suppose -4*v = 311*y - 312*y - 4178, y - 2086 = -2*v. List the prime factors of v.
2, 3, 29
Let u = 20 + 41. Let d = u + -18. Suppose -7 = 3*s - d. List the prime factors of s.
2, 3
Suppose 48*l - 49*l + 698 = 0. What are the prime factors of l?
2, 349
Suppose 268 = 10*b - 4172. List the prime factors of b.
2, 3, 37
List the prime factors of (-7 - -2) + (2252 - 8).
2239
Suppose -38*t + 32693 = 4459. What are the prime factors of t?
743
Let x(v) = 3*v + 6. Let q be 60/27 - (-8)/(-36). Suppose 0 = 3*y - 0*p - 2*p - 13, 0 = 5*y + q*p - 27. List the prime factors of x(y).
3, 7
List the prime factors of (9762/180*-5)/(1/(-6)).
1627
Let v = 291 - -1024. List the prime factors of v.
5, 263
Let o(p) = 219*p**2 + 2*p + 11. List the prime factors of o(4).
13, 271
Suppose -j + 69 = -0*j. Suppose 4*r - r = 2*m - j, -94 = -3*m - 5*r. List the prime factors of m.
3, 11
Let v = 5089 + -3052. Suppose 0 = 8*n - v - 67. List the prime factors of n.
263
Let a = 4 + 35. Suppose -2*h - 2*j + 376 = 0, -2*j - 887 - a = -5*h. List the prime factors of h.
2, 3, 31
Suppose -3*k = -6*k + p - 449, -3*k - 3*p = 429. Let x = 244 + k. What are the prime factors of x?
2, 3
Let w(r) = 4*r**2 - 27*r - 152. What are the prime factors of w(-6)?
2, 7, 11
Let w = -30 + 36. Let i(y) = 2*y**2 - y + 10. What are the prime factors of i(w)?
2, 19
Let z = 17653 - 12547. List the prime factors of z.
2, 3, 23, 37
Let x = 56 - -20. Let o = x + 142. List the prime factors of o.
2, 109
Let m be (-2)/10 - (-171)/5. Let z = 34 + m. Let p = -30 + z. What are the prime factors of p?
2, 19
Suppose -2*r - 3*p + 1948 = 0, -2*p = 4*r - 2609 - 1295. What are the prime factors of r?
977
Let z(y) = -2*y + 14. Let p(f) = 5*f - 42. Let g(k) = -4*p(k) - 11*z(k). What are the prime factors of g(-6)?
2
Let z(t) = 9*t**2 + 3*t + 3. Let h be z(-1). Let s = 31 + h. What are the prime factors of s?
2, 5
Let a(u) = 2*u**2 - 7. Let v be a(-6). Let k = v - 97. Let g = k - -85. What are the prime factors of g?
53
Let s be (-3)/((-8)/6 - -1). Suppose s*p - 7*p - 40 = 0. List the prime factors of p.
2, 5
Let n(y) = y - 13. Let o be n(16). Suppose -o*b + 75 = 12. Suppose -2*t + 67 + b = 0. List the prime factors of t.
2, 11
Let v(y) = -4*y - 25. Let o be v(-8). Suppose 6*n + o*n - 1040 = 0. List the prime factors of n.
2, 5
Let s(i) be the first derivative of 2*i**2 - 7*i - 4. List the prime factors of s(16).
3, 19
Suppose 4*b + 5*o = 145, -2*b - 31 + 99 = 4*o. Let v = -16 + b. List the prime factors of v.
2, 3
Suppose -16*j - 3*j = -4484. What are the prime factors of j?
2, 59
Let w(i) be the second derivative of i**4/12 - 7*i**3/6 + 7*i**2/2 - 6*i. Suppose 0 = -2*c - c - 3*p + 24, -4*p + 11 = c. List the prime factors of w(c).
7
Let n(l) = -l - 2 - 1 + 2*l - 1. Let d be n(4). Suppose -4*s + d*s = -68. What are the prime factors of s?
17
Suppose -64*z + 140 = -63*z. Let u = 376 - z. What are the prime factors of u?
2, 59
Suppose 3*o + 1185 - 471 = 0. Let j = o + 353. What are the prime factors of j?
5, 23
Suppose 0 = 106*m - 100*m - 78. What are the prime factors of m?
13
Let v(x) = 2*x**2 - 6*x - 9. List the prime factors of v(-36).
3, 311
Suppose 9*m = -m - 150. List the prime factors of (-2076)/(-15) + 6/m.
2, 3, 23
Let a(j) be the first derivative of 0*j**3 + j**2 - j + 7/2*j**4 - 2. What are the prime factors of a(1)?
3, 5
Let h(c) be the first derivative of 7*c**4/24 - c**3/3 - 3*c**2 - 3. Let k(z) be the second derivative of h(z). List the prime factors of k(5).
3, 11
Suppose 0 = 2*z - s, 5*z - 3*s + 2*s = -3. Let p = 0 - z. List the prime factors of 6 - (p + -4) - -2.
11
Suppose -2*g = 3*t - 15, -6*g + g = -5*t. Suppose -9 = -g*p - 0. Suppose -p*z = -8*z + 55. List the prime factors of z.
11
Suppose z + 3*w - 6026 = -z, -z - w + 3015 = 0. Suppose 191 = 15*b - z. List the prime factors of b.
2, 107
Let s be (0 + 0)/1*1. Suppose -4*u - 8 = s, 0 = -4*y - 2*u + 101 + 331. What are the prime factors of y?
109
Let y be 9/6 + (-45)/10. Let w(m) = -5*m - 12. Let h be w(y).